{"id":130,"date":"2024-11-11T11:42:16","date_gmt":"2024-11-11T10:42:16","guid":{"rendered":"https:\/\/eventos.ugr.es\/quimbioquim2025\/?page_id=130"},"modified":"2025-10-14T10:34:12","modified_gmt":"2025-10-14T08:34:12","slug":"inscripcion","status":"publish","type":"page","link":"https:\/\/eventos.ugr.es\/quimbioquim2025\/inscripcion\/","title":{"rendered":"Inscripci\u00f3n"},"content":{"rendered":"\n<div class=\"wp-block-uagb-container uagb-block-cc6bf578 alignfull uagb-is-root-container\">\n<div class=\"wp-block-uagb-container uagb-block-e839b15d alignfull uagb-is-root-container\"><div class=\"uagb-container-inner-blocks-wrap\">\n<h2 class=\"wp-block-heading has-text-align-center titulo-sitio has-white-color has-text-color has-background\" style=\"background-color:#c40f06a3;padding-top:var(--wp--preset--spacing--50);padding-bottom:1.6rem;font-style:normal;font-weight:400;line-height:0\">Inscripci\u00f3n<\/h2>\n<\/div><\/div>\n<\/div>\n\n\n\n<div class=\"wp-block-uagb-container uagb-block-aa935b09 alignfull uagb-is-root-container\"><div class=\"uagb-container-inner-blocks-wrap\">\n<div class=\"tabla-desbordada\">\n  <table class=\"tabla-inscripcion\">\n    <tbody>\n      <tr>\n        <th>Modalidad de inscripci\u00f3n<\/th>\n  <th>Hasta 15\/08\/2025<\/th>\n  <th>Desde 16\/08\/2025<br> hasta 14\/10\/2025<\/th>\n      <\/tr>\n      \n      <tr>\n        <td>Senior<br><small>(Postdocs en adelante)<\/small><\/td>\n        <td>150\u20ac<\/td>\n        <td>175\u20ac<\/td>\n      <\/tr>\n      <tr>\n        <td>Junior<br><small>(Estudiantes de doctorado, m\u00e1ster o TFG)<\/small><\/td>\n        <td>95\u20ac<\/td>\n        <td>120\u20ac<\/td>\n      <\/tr>\n      <tr>\n        <td>Acompa\u00f1antes<\/td>\n        <td>80\u20ac<\/td>\n        <td>80\u20ac<\/td>\n      <\/tr>\n    <\/tbody>\n  <\/table>\n  <\/div>\n<\/div><\/div>\n\n\n<style>.kt-accordion-id130_d0624a-a6 .kt-accordion-inner-wrap{column-gap:var(--global-kb-gap-md, 2rem);row-gap:10px;}.kt-accordion-id130_d0624a-a6 .kt-accordion-panel-inner{border-top:0px solid transparent;border-right:1px solid transparent;border-bottom:1px solid transparent;border-left:1px solid transparent;background:#ffffff;padding-top:var(--global-kb-spacing-sm, 1.5rem);padding-right:var(--global-kb-spacing-sm, 1.5rem);padding-bottom:var(--global-kb-spacing-sm, 1.5rem);padding-left:var(--global-kb-spacing-sm, 1.5rem);}.kt-accordion-id130_d0624a-a6 .wp-block-kadence-pane .kt-accordion-header-wrap .kt-blocks-accordion-header{border-top:1px solid #eeeeee;border-right:1px solid #eeeeee;border-bottom:1px solid #eeeeee;border-left:2px solid var(--global-palette1, #3182CE);border-top-left-radius:0px;border-top-right-radius:0px;border-bottom-right-radius:0px;border-bottom-left-radius:0px;background:#ffffff;font-size:18px;line-height:24px;color:#444444;padding-top:14px;padding-right:16px;padding-bottom:14px;padding-left:16px;}.kt-accordion-id130_d0624a-a6:not( .kt-accodion-icon-style-basiccircle ):not( .kt-accodion-icon-style-xclosecircle ):not( .kt-accodion-icon-style-arrowcircle ) .kt-blocks-accordion-icon-trigger:after, .kt-accordion-id130_d0624a-a6:not( .kt-accodion-icon-style-basiccircle ):not( .kt-accodion-icon-style-xclosecircle ):not( .kt-accodion-icon-style-arrowcircle ) .kt-blocks-accordion-icon-trigger:before{background:#444444;}.kt-accordion-id130_d0624a-a6:not( .kt-accodion-icon-style-basic ):not( .kt-accodion-icon-style-xclose ):not( .kt-accodion-icon-style-arrow ) .kt-blocks-accordion-icon-trigger{background:#444444;}.kt-accordion-id130_d0624a-a6:not( .kt-accodion-icon-style-basic ):not( .kt-accodion-icon-style-xclose ):not( .kt-accodion-icon-style-arrow ) .kt-blocks-accordion-icon-trigger:after, .kt-accordion-id130_d0624a-a6:not( .kt-accodion-icon-style-basic ):not( .kt-accodion-icon-style-xclose ):not( .kt-accodion-icon-style-arrow ) .kt-blocks-accordion-icon-trigger:before{background:#ffffff;}.kt-accordion-id130_d0624a-a6 .kt-accordion-header-wrap .kt-blocks-accordion-header:hover, body:not(.hide-focus-outline) .kt-accordion-id130_d0624a-a6 .kt-accordion-header-wrap .kt-blocks-accordion-header:focus-visible{color:var(--global-palette1, #3182CE);background:#ffffff;border-top:1px solid #d4d4d4;border-right:1px solid #d4d4d4;border-bottom:1px solid #d4d4d4;border-left:2px solid #d4d4d4;}.kt-accordion-id130_d0624a-a6:not( .kt-accodion-icon-style-basiccircle ):not( .kt-accodion-icon-style-xclosecircle ):not( .kt-accodion-icon-style-arrowcircle ) .kt-blocks-accordion-header:hover .kt-blocks-accordion-icon-trigger:after, .kt-accordion-id130_d0624a-a6:not( .kt-accodion-icon-style-basiccircle ):not( .kt-accodion-icon-style-xclosecircle ):not( .kt-accodion-icon-style-arrowcircle ) .kt-blocks-accordion-header:hover .kt-blocks-accordion-icon-trigger:before, body:not(.hide-focus-outline) .kt-accordion-id130_d0624a-a6:not( .kt-accodion-icon-style-basiccircle ):not( .kt-accodion-icon-style-xclosecircle ):not( .kt-accodion-icon-style-arrowcircle ) .kt-blocks-accordion--visible .kt-blocks-accordion-icon-trigger:after, body:not(.hide-focus-outline) .kt-accordion-id130_d0624a-a6:not( .kt-accodion-icon-style-basiccircle ):not( .kt-accodion-icon-style-xclosecircle ):not( .kt-accodion-icon-style-arrowcircle ) .kt-blocks-accordion-header:focus-visible .kt-blocks-accordion-icon-trigger:before{background:var(--global-palette1, #3182CE);}.kt-accordion-id130_d0624a-a6:not( .kt-accodion-icon-style-basic ):not( .kt-accodion-icon-style-xclose ):not( .kt-accodion-icon-style-arrow ) .kt-blocks-accordion-header:hover .kt-blocks-accordion-icon-trigger, body:not(.hide-focus-outline) .kt-accordion-id130_d0624a-a6:not( .kt-accodion-icon-style-basic ):not( .kt-accodion-icon-style-xclose ):not( .kt-accodion-icon-style-arrow ) .kt-blocks-accordion-header:focus-visible .kt-blocks-accordion-icon-trigger{background:var(--global-palette1, #3182CE);}.kt-accordion-id130_d0624a-a6:not( .kt-accodion-icon-style-basic ):not( .kt-accodion-icon-style-xclose ):not( .kt-accodion-icon-style-arrow ) .kt-blocks-accordion-header:hover .kt-blocks-accordion-icon-trigger:after, .kt-accordion-id130_d0624a-a6:not( .kt-accodion-icon-style-basic ):not( .kt-accodion-icon-style-xclose ):not( .kt-accodion-icon-style-arrow ) .kt-blocks-accordion-header:hover .kt-blocks-accordion-icon-trigger:before, body:not(.hide-focus-outline) .kt-accordion-id130_d0624a-a6:not( .kt-accodion-icon-style-basic ):not( .kt-accodion-icon-style-xclose ):not( .kt-accodion-icon-style-arrow ) .kt-blocks-accordion-header:focus-visible .kt-blocks-accordion-icon-trigger:after, body:not(.hide-focus-outline) .kt-accordion-id130_d0624a-a6:not( .kt-accodion-icon-style-basic ):not( .kt-accodion-icon-style-xclose ):not( .kt-accodion-icon-style-arrow ) .kt-blocks-accordion-header:focus-visible .kt-blocks-accordion-icon-trigger:before{background:#ffffff;}.kt-accordion-id130_d0624a-a6 .kt-accordion-header-wrap .kt-blocks-accordion-header:focus-visible, .kt-accordion-id130_d0624a-a6 .kt-accordion-header-wrap .kt-blocks-accordion-header.kt-accordion-panel-active{color:#444444;background:#ffffff;border-top:1px solid #eeeeee;border-right:1px solid #eeeeee;border-bottom:1px solid #eeeeee;border-left:2px solid #0e9cd1;}.kt-accordion-id130_d0624a-a6:not( .kt-accodion-icon-style-basiccircle ):not( .kt-accodion-icon-style-xclosecircle ):not( .kt-accodion-icon-style-arrowcircle ) .kt-blocks-accordion-header.kt-accordion-panel-active .kt-blocks-accordion-icon-trigger:after, .kt-accordion-id130_d0624a-a6:not( .kt-accodion-icon-style-basiccircle ):not( .kt-accodion-icon-style-xclosecircle ):not( .kt-accodion-icon-style-arrowcircle ) .kt-blocks-accordion-header.kt-accordion-panel-active .kt-blocks-accordion-icon-trigger:before{background:#444444;}.kt-accordion-id130_d0624a-a6:not( .kt-accodion-icon-style-basic ):not( .kt-accodion-icon-style-xclose ):not( .kt-accodion-icon-style-arrow ) .kt-blocks-accordion-header.kt-accordion-panel-active .kt-blocks-accordion-icon-trigger{background:#444444;}.kt-accordion-id130_d0624a-a6:not( .kt-accodion-icon-style-basic ):not( .kt-accodion-icon-style-xclose ):not( .kt-accodion-icon-style-arrow ) .kt-blocks-accordion-header.kt-accordion-panel-active .kt-blocks-accordion-icon-trigger:after, .kt-accordion-id130_d0624a-a6:not( .kt-accodion-icon-style-basic ):not( .kt-accodion-icon-style-xclose ):not( .kt-accodion-icon-style-arrow ) .kt-blocks-accordion-header.kt-accordion-panel-active .kt-blocks-accordion-icon-trigger:before{background:#ffffff;}@media all and (max-width: 1024px){.kt-accordion-id130_d0624a-a6 .kt-accordion-panel-inner{border-top:0px solid transparent;border-right:1px solid transparent;border-bottom:1px solid transparent;border-left:1px solid transparent;}}@media all and (max-width: 1024px){.kt-accordion-id130_d0624a-a6 .wp-block-kadence-pane .kt-accordion-header-wrap .kt-blocks-accordion-header{border-top:1px solid #eeeeee;border-right:1px solid #eeeeee;border-bottom:1px solid #eeeeee;border-left:2px solid var(--global-palette1, #3182CE);}}@media all and (max-width: 1024px){.kt-accordion-id130_d0624a-a6 .kt-accordion-header-wrap .kt-blocks-accordion-header:hover, body:not(.hide-focus-outline) .kt-accordion-id130_d0624a-a6 .kt-accordion-header-wrap .kt-blocks-accordion-header:focus-visible{border-top:1px solid #d4d4d4;border-right:1px solid #d4d4d4;border-bottom:1px solid #d4d4d4;border-left:2px solid #d4d4d4;}}@media all and (max-width: 1024px){.kt-accordion-id130_d0624a-a6 .kt-accordion-header-wrap .kt-blocks-accordion-header:focus-visible, .kt-accordion-id130_d0624a-a6 .kt-accordion-header-wrap .kt-blocks-accordion-header.kt-accordion-panel-active{border-top:1px solid #eeeeee;border-right:1px solid #eeeeee;border-bottom:1px solid #eeeeee;border-left:2px solid #0e9cd1;}}@media all and (max-width: 767px){.kt-accordion-id130_d0624a-a6 .kt-accordion-inner-wrap{display:block;}.kt-accordion-id130_d0624a-a6 .kt-accordion-inner-wrap .kt-accordion-pane:not(:first-child){margin-top:10px;}.kt-accordion-id130_d0624a-a6 .kt-accordion-panel-inner{border-top:0px solid transparent;border-right:1px solid transparent;border-bottom:1px solid transparent;border-left:1px solid transparent;}.kt-accordion-id130_d0624a-a6 .wp-block-kadence-pane .kt-accordion-header-wrap .kt-blocks-accordion-header{border-top:1px solid #eeeeee;border-right:1px solid #eeeeee;border-bottom:1px solid #eeeeee;border-left:2px solid var(--global-palette1, #3182CE);}.kt-accordion-id130_d0624a-a6 .kt-accordion-header-wrap .kt-blocks-accordion-header:hover, body:not(.hide-focus-outline) .kt-accordion-id130_d0624a-a6 .kt-accordion-header-wrap .kt-blocks-accordion-header:focus-visible{border-top:1px solid #d4d4d4;border-right:1px solid #d4d4d4;border-bottom:1px solid #d4d4d4;border-left:2px solid #d4d4d4;}.kt-accordion-id130_d0624a-a6 .kt-accordion-header-wrap .kt-blocks-accordion-header:focus-visible, .kt-accordion-id130_d0624a-a6 .kt-accordion-header-wrap .kt-blocks-accordion-header.kt-accordion-panel-active{border-top:1px solid #eeeeee;border-right:1px solid #eeeeee;border-bottom:1px solid #eeeeee;border-left:2px solid #0e9cd1;}}<\/style>\n<div class=\"wp-block-kadence-accordion alignnone\"><div class=\"kt-accordion-wrap kt-accordion-id130_d0624a-a6 kt-accordion-has-6-panes kt-active-pane-0 kt-accordion-block kt-pane-header-alignment-left kt-accodion-icon-style-arrow kt-accodion-icon-side-right\" style=\"max-width:none\"><div class=\"kt-accordion-inner-wrap\" data-allow-multiple-open=\"false\" data-start-open=\"none\">\n<div class=\"wp-block-kadence-pane kt-accordion-pane kt-accordion-pane-3 kt-pane130_4fd6d1-56\"><div class=\"kt-accordion-header-wrap\"><button class=\"kt-blocks-accordion-header kt-acccordion-button-label-show\" type=\"button\"><span class=\"kt-blocks-accordion-title-wrap\"><span class=\"kt-blocks-accordion-title\"><strong>La cuota de inscripci\u00f3n senior y junior incluyen<\/strong><\/span><\/span><span class=\"kt-blocks-accordion-icon-trigger\"><\/span><\/button><\/div><div class=\"kt-accordion-panel kt-accordion-panel-hidden\"><div class=\"kt-accordion-panel-inner\">\n<ul class=\"wp-block-list\">\n<li>Asistencia a las sesiones.<\/li>\n\n\n\n<li>Pack de documentaci\u00f3n del congreso.<\/li>\n\n\n\n<li>Almuerzos de trabajo. D\u00edas 6 y 7 de Noviembre.<\/li>\n\n\n\n<li>Coffee Breaks.<\/li>\n\n\n\n<li>Cena del congreso. D\u00eda 6 de Noviembre.<\/li>\n<\/ul>\n<\/div><\/div><\/div>\n\n\n\n<div class=\"wp-block-kadence-pane kt-accordion-pane kt-accordion-pane-6 kt-pane130_ab8155-aa\"><div class=\"kt-accordion-header-wrap\"><button class=\"kt-blocks-accordion-header kt-acccordion-button-label-show\" type=\"button\"><span class=\"kt-blocks-accordion-title-wrap\"><span class=\"kt-blocks-accordion-title\"><strong>La cuota del acompa\u00f1ante incluye<\/strong><\/span><\/span><span class=\"kt-blocks-accordion-icon-trigger\"><\/span><\/button><\/div><div class=\"kt-accordion-panel kt-accordion-panel-hidden\"><div class=\"kt-accordion-panel-inner\">\n<ul class=\"wp-block-list\">\n<li>Almuerzos de trabajo. D\u00edas 6 y 7 de Noviembre.<\/li>\n\n\n\n<li>Coffee Breaks.<\/li>\n\n\n\n<li>Cena del congreso. D\u00eda 6 de Noviembre.<\/li>\n<\/ul>\n<\/div><\/div><\/div>\n\n\n\n<div class=\"wp-block-kadence-pane kt-accordion-pane kt-accordion-pane-1 kt-pane130_81b54e-aa\"><div class=\"kt-accordion-header-wrap\"><button class=\"kt-blocks-accordion-header kt-acccordion-button-label-show\" type=\"button\"><span class=\"kt-blocks-accordion-title-wrap\"><span class=\"kt-blocks-accordion-title\"><strong>Pol\u00edtica de Cancelaciones<\/strong><\/span><\/span><span class=\"kt-blocks-accordion-icon-trigger\"><\/span><\/button><\/div><div class=\"kt-accordion-panel kt-accordion-panel-hidden\"><div class=\"kt-accordion-panel-inner\">\n<ul class=\"wp-block-list\">\n<li>Hasta el 22 de Septiembre, reembolso del 100% previa notificaci\u00f3n a la Secretar\u00eda de las QuimBioQuim (via mail a <a href=\"mailto:secretaria-quimbioquim@fyg.ugr.es\">secretaria-quimbioquim@fyg.ugr.es<\/a>).<\/li>\n\n\n\n<li>Desde el 16 de Septiembre hasta el 15 de Octubre, reembolso del 50%.<\/li>\n\n\n\n<li>A partir del 15 de Octubre, las cancelaciones solicitadas no ser\u00e1n reembolsadas.<\/li>\n<\/ul>\n<\/div><\/div><\/div>\n<\/div><\/div><\/div>\n\n\n\n\n\n\n\n\n\n\n\n<div style=\"height:62px\" aria-hidden=\"true\" class=\"wp-block-spacer\"><\/div>\n\n\n<style>.wp-block-kadence-column.kb-section-dir-horizontal > .kt-inside-inner-col > .kt-info-box130_46dec1-af .kt-blocks-info-box-link-wrap{max-width:unset;}.kt-info-box130_46dec1-af .kt-blocks-info-box-link-wrap{border-top-left-radius:0px;border-top-right-radius:0px;border-bottom-right-radius:0px;border-bottom-left-radius:0px;background:var(--global-palette2, #2B6CB0);padding-top:20px;padding-right:20px;padding-bottom:20px;padding-left:20px;margin-bottom:25px;}.kt-info-box130_46dec1-af .kadence-info-box-icon-container .kt-info-svg-icon, .kt-info-box130_46dec1-af .kt-info-svg-icon-flip, .kt-info-box130_46dec1-af .kt-blocks-info-box-number{font-size:50px;}.kt-info-box130_46dec1-af .kt-blocks-info-box-media{color:var(--global-palette9, #ffffff);background:transparent;border-color:#444444;border-top-width:0px;border-right-width:0px;border-bottom-width:0px;border-left-width:0px;padding-top:10px;padding-right:10px;padding-bottom:10px;padding-left:10px;}.kt-info-box130_46dec1-af .kt-blocks-info-box-media-container{margin-top:0px;margin-right:15px;margin-bottom:0px;margin-left:15px;}.kt-info-box130_46dec1-af .kt-blocks-info-box-link-wrap:hover .kt-blocks-info-box-media{color:var(--global-palette9, #ffffff);background:transparent;border-color:#444444;}.kt-info-box130_46dec1-af .kt-infobox-textcontent h2.kt-blocks-info-box-title{color:var(--global-palette9, #ffffff);padding-top:0px;padding-right:0px;padding-bottom:0px;padding-left:0px;margin-top:5px;margin-right:0px;margin-bottom:10px;margin-left:0px;}.kt-info-box130_46dec1-af .kt-infobox-textcontent .kt-blocks-info-box-text{color:#555555;}.kt-info-box130_46dec1-af .kt-blocks-info-box-learnmore{background:transparent;border-color:#555555;border-width:0px 0px 0px 0px;padding-top:4px;padding-right:8px;padding-bottom:4px;padding-left:8px;margin-top:10px;margin-right:0px;margin-bottom:10px;margin-left:0px;}.kt-info-box130_46dec1-af .kt-blocks-info-box-link-wrap:hover .kt-blocks-info-box-learnmore,.kt-info-box130_46dec1-af .kt-blocks-info-box-link-wrap .kt-blocks-info-box-learnmore:focus{color:#ffffff;background:#444444;border-color:#444444;}<\/style>\n<div class=\"wp-block-kadence-infobox kt-info-box130_46dec1-af\"><span class=\"kt-blocks-info-box-link-wrap info-box-link kt-blocks-info-box-media-align-top kt-info-halign-center\"><div class=\"kt-blocks-info-box-media-container\"><div class=\"kt-blocks-info-box-media kt-info-media-animate-none\"><div class=\"kadence-info-box-icon-container kt-info-icon-animate-none\"><div class=\"kadence-info-box-icon-inner-container\"><span class=\"kb-svg-icon-wrap kb-svg-icon-fas_file-signature kt-info-svg-icon\"><svg viewBox=\"0 0 576 512\"  fill=\"currentColor\" xmlns=\"http:\/\/www.w3.org\/2000\/svg\"  aria-hidden=\"true\"><path d=\"M218.17 424.14c-2.95-5.92-8.09-6.52-10.17-6.52s-7.22.59-10.02 6.19l-7.67 15.34c-6.37 12.78-25.03 11.37-29.48-2.09L144 386.59l-10.61 31.88c-5.89 17.66-22.38 29.53-41 29.53H80c-8.84 0-16-7.16-16-16s7.16-16 16-16h12.39c4.83 0 9.11-3.08 10.64-7.66l18.19-54.64c3.3-9.81 12.44-16.41 22.78-16.41s19.48 6.59 22.77 16.41l13.88 41.64c19.75-16.19 54.06-9.7 66 14.16 1.89 3.78 5.49 5.95 9.36 6.26v-82.12l128-127.09V160H248c-13.2 0-24-10.8-24-24V0H24C10.7 0 0 10.7 0 24v464c0 13.3 10.7 24 24 24h336c13.3 0 24-10.7 24-24v-40l-128-.11c-16.12-.31-30.58-9.28-37.83-23.75zM384 121.9c0-6.3-2.5-12.4-7-16.9L279.1 7c-4.5-4.5-10.6-7-17-7H256v128h128v-6.1zm-96 225.06V416h68.99l161.68-162.78-67.88-67.88L288 346.96zm280.54-179.63l-31.87-31.87c-9.94-9.94-26.07-9.94-36.01 0l-27.25 27.25 67.88 67.88 27.25-27.25c9.95-9.94 9.95-26.07 0-36.01z\"\/><\/svg><\/span><\/div><\/div><\/div><\/div><div class=\"kt-infobox-textcontent\"><h2 class=\"kt-blocks-info-box-title\">Plazo de inscripci\u00f3n finalizado<\/h2><\/div><\/span><\/div>\n\n\n\n\n\n\n\n<p class=\"has-text-align-center\">Para cualquier informaci\u00f3n o pregunta dir\u00edjase a los correos:<br><strong>Organizaci\u00f3n y Programa: <\/strong><a href=\"mailto:quimbioquim@ugr.es\">quimbioquim@ugr.es<\/a><br><strong>Secretar\u00eda T\u00e9cnica (inscripciones):<\/strong> <a href=\"mailto:secretaria-quimbioquim@fyg.ugr.es\">secretaria-quimbioquim@fyg.ugr.es<\/a><\/p>\n\n\n\n\n","protected":false},"excerpt":{"rendered":"<p>Inscripci\u00f3n Modalidad de inscripci\u00f3n Hasta 15\/08\/2025 Desde 16\/08\/2025 hasta 14\/10\/2025 Senior(Postdocs en adelante) 150\u20ac 175\u20ac Junior(Estudiantes de doctorado, m\u00e1ster o TFG) 95\u20ac 120\u20ac Acompa\u00f1antes 80\u20ac 80\u20ac Para cualquier informaci\u00f3n o pregunta dir\u00edjase a los correos:Organizaci\u00f3n y Programa: quimbioquim@ugr.esSecretar\u00eda T\u00e9cnica (inscripciones): secretaria-quimbioquim@fyg.ugr.es<\/p>\n","protected":false},"author":18,"featured_media":0,"parent":0,"menu_order":0,"comment_status":"closed","ping_status":"closed","template":"","meta":{"_uag_custom_page_level_css":"","_kad_post_transparent":"","_kad_post_title":"","_kad_post_layout":"","_kad_post_sidebar_id":"","_kad_post_content_style":"","_kad_post_vertical_padding":"","_kad_post_feature":"","_kad_post_feature_position":"","_kad_post_header":false,"_kad_post_footer":false,"footnotes":""},"folder":[],"class_list":["post-130","page","type-page","status-publish","hentry"],"uagb_featured_image_src":{"full":false,"thumbnail":false,"medium":false,"medium_large":false,"large":false,"1536x1536":false,"2048x2048":false},"uagb_author_info":{"display_name":"antoniorodriguez","author_link":"https:\/\/eventos.ugr.es\/quimbioquim2025\/author\/antoniorodriguez\/"},"uagb_comment_info":0,"uagb_excerpt":"Inscripci\u00f3n Modalidad de inscripci\u00f3n Hasta 15\/08\/2025 Desde 16\/08\/2025 hasta 14\/10\/2025 Senior(Postdocs en adelante) 150\u20ac 175\u20ac Junior(Estudiantes de doctorado, m\u00e1ster o TFG) 95\u20ac 120\u20ac Acompa\u00f1antes 80\u20ac 80\u20ac Para cualquier informaci\u00f3n o pregunta dir\u00edjase a los correos:Organizaci\u00f3n y Programa: quimbioquim@ugr.esSecretar\u00eda T\u00e9cnica (inscripciones): secretaria-quimbioquim@fyg.ugr.es","_links":{"self":[{"href":"https:\/\/eventos.ugr.es\/quimbioquim2025\/wp-json\/wp\/v2\/pages\/130","targetHints":{"allow":["GET"]}}],"collection":[{"href":"https:\/\/eventos.ugr.es\/quimbioquim2025\/wp-json\/wp\/v2\/pages"}],"about":[{"href":"https:\/\/eventos.ugr.es\/quimbioquim2025\/wp-json\/wp\/v2\/types\/page"}],"author":[{"embeddable":true,"href":"https:\/\/eventos.ugr.es\/quimbioquim2025\/wp-json\/wp\/v2\/users\/18"}],"replies":[{"embeddable":true,"href":"https:\/\/eventos.ugr.es\/quimbioquim2025\/wp-json\/wp\/v2\/comments?post=130"}],"version-history":[{"count":74,"href":"https:\/\/eventos.ugr.es\/quimbioquim2025\/wp-json\/wp\/v2\/pages\/130\/revisions"}],"predecessor-version":[{"id":1786,"href":"https:\/\/eventos.ugr.es\/quimbioquim2025\/wp-json\/wp\/v2\/pages\/130\/revisions\/1786"}],"wp:attachment":[{"href":"https:\/\/eventos.ugr.es\/quimbioquim2025\/wp-json\/wp\/v2\/media?parent=130"}],"wp:term":[{"taxonomy":"folder","embeddable":true,"href":"https:\/\/eventos.ugr.es\/quimbioquim2025\/wp-json\/wp\/v2\/folder?post=130"}],"curies":[{"name":"wp","href":"https:\/\/api.w.org\/{rel}","templated":true}]}}