{"id":4,"date":"2024-04-24T12:04:55","date_gmt":"2024-04-24T10:04:55","guid":{"rendered":"https:\/\/eventos.ugr.es\/quimbioquim2025\/?page_id=4"},"modified":"2025-10-23T09:55:28","modified_gmt":"2025-10-23T07:55:28","slug":"granatele-2025","status":"publish","type":"page","link":"https:\/\/eventos.ugr.es\/quimbioquim2025\/","title":{"rendered":"QuimBioQuim 2025"},"content":{"rendered":"<style>.kb-row-layout-id4_88412a-62 > .kt-row-column-wrap{align-content:start;}:where(.kb-row-layout-id4_88412a-62 > .kt-row-column-wrap) > .wp-block-kadence-column{justify-content:start;}.kb-row-layout-id4_88412a-62 > .kt-row-column-wrap{column-gap:var(--global-kb-gap-md, 2rem);row-gap:var(--global-kb-gap-md, 2rem);padding-top:0px;padding-bottom:25px;grid-template-columns:minmax(0, 1fr);}.kb-row-layout-id4_88412a-62 > .kt-row-layout-overlay{opacity:0.30;}@media all and (max-width: 1024px){.kb-row-layout-id4_88412a-62 > .kt-row-column-wrap{grid-template-columns:minmax(0, 1fr);}}@media all and (max-width: 767px){.kb-row-layout-id4_88412a-62 > .kt-row-column-wrap{grid-template-columns:minmax(0, 1fr);}}<\/style><div class=\"kb-row-layout-wrap kb-row-layout-id4_88412a-62 alignfull has-white-background-color kt-row-has-bg wp-block-kadence-rowlayout\"><div class=\"kt-row-column-wrap kt-has-1-columns kt-row-layout-equal kt-tab-layout-inherit kt-mobile-layout-row kt-row-valign-top kt-inner-column-height-full\">\n<style>.kadence-column4_6c7f83-24 > .kt-inside-inner-col{padding-top:0px;padding-right:0px;padding-bottom:0px;padding-left:0px;}.kadence-column4_6c7f83-24 > .kt-inside-inner-col{min-height:350px;}.kadence-column4_6c7f83-24 > .kt-inside-inner-col,.kadence-column4_6c7f83-24 > .kt-inside-inner-col:before{border-top-left-radius:0px;border-top-right-radius:0px;border-bottom-right-radius:0px;border-bottom-left-radius:0px;}.kadence-column4_6c7f83-24 > .kt-inside-inner-col{column-gap:var(--global-kb-gap-sm, 1rem);}.kadence-column4_6c7f83-24 > .kt-inside-inner-col{flex-direction:column;}.kadence-column4_6c7f83-24 > .kt-inside-inner-col > .aligncenter{width:100%;}.kadence-column4_6c7f83-24 > .kt-inside-inner-col:before{opacity:0.3;}.kadence-column4_6c7f83-24{position:relative;}.kadence-column4_6c7f83-24, .kt-inside-inner-col > .kadence-column4_6c7f83-24:not(.specificity){margin-top:0px;margin-right:0px;margin-bottom:0px;margin-left:0px;}@media all and (max-width: 1024px){.kadence-column4_6c7f83-24 > .kt-inside-inner-col{flex-direction:column;justify-content:center;}}@media all and (max-width: 767px){.kadence-column4_6c7f83-24 > .kt-inside-inner-col{flex-direction:column;justify-content:center;}}<\/style>\n<div class=\"wp-block-kadence-column kadence-column4_6c7f83-24 inner-column-1\"><div class=\"kt-inside-inner-col\">\n<div class=\"wp-block-uagb-container uagb-block-3b3b5032 alignfull uagb-is-root-container\">\n<div class=\"wp-block-uagb-container uagb-block-f38b7c70\"><style>.kb-image4_4e52e0-64.kb-image-is-ratio-size, .kb-image4_4e52e0-64 .kb-image-is-ratio-size{max-width:200px;width:100%;}.wp-block-kadence-column > .kt-inside-inner-col > .kb-image4_4e52e0-64.kb-image-is-ratio-size, .wp-block-kadence-column > .kt-inside-inner-col > .kb-image4_4e52e0-64 .kb-image-is-ratio-size{align-self:unset;}.kb-image4_4e52e0-64 figure{max-width:200px;}.kb-image4_4e52e0-64 .image-is-svg, .kb-image4_4e52e0-64 .image-is-svg img{width:100%;}.kb-image4_4e52e0-64 .kb-image-has-overlay:after{opacity:0.3;}<\/style>\n<div class=\"wp-block-kadence-image kb-image4_4e52e0-64 animated backInDown\"><figure class=\"aligncenter size-full\"><img loading=\"lazy\" decoding=\"async\" width=\"320\" height=\"320\" src=\"https:\/\/eventos.ugr.es\/quimbioquim2025\/wp-content\/uploads\/sites\/31\/2025\/02\/logo-quimbioquim-rojo.png\" alt=\"\" class=\"kb-img wp-image-412\" srcset=\"https:\/\/eventos.ugr.es\/quimbioquim2025\/wp-content\/uploads\/sites\/31\/2025\/02\/logo-quimbioquim-rojo.png 320w, https:\/\/eventos.ugr.es\/quimbioquim2025\/wp-content\/uploads\/sites\/31\/2025\/02\/logo-quimbioquim-rojo-300x300.png 300w, https:\/\/eventos.ugr.es\/quimbioquim2025\/wp-content\/uploads\/sites\/31\/2025\/02\/logo-quimbioquim-rojo-150x150.png 150w\" sizes=\"auto, (max-width: 320px) 100vw, 320px\" \/><\/figure><\/div>\n\n\n<style>.wp-block-kadence-advancedheading.kt-adv-heading4_65b824-91, .wp-block-kadence-advancedheading.kt-adv-heading4_65b824-91[data-kb-block=\"kb-adv-heading4_65b824-91\"]{margin-top:-5px;text-align:center;font-size:35px;line-height:1.5;font-weight:700;font-style:normal;text-shadow:1px 1px 1px #000000;border-bottom:2px solid var(--global-palette1, #3182CE);border-bottom-right-radius:0px;}.wp-block-kadence-advancedheading.kt-adv-heading4_65b824-91 mark.kt-highlight, .wp-block-kadence-advancedheading.kt-adv-heading4_65b824-91[data-kb-block=\"kb-adv-heading4_65b824-91\"] mark.kt-highlight{font-style:normal;color:#f76a0c;-webkit-box-decoration-break:clone;box-decoration-break:clone;padding-top:0px;padding-right:0px;padding-bottom:0px;padding-left:0px;}@media all and (max-width: 1024px){.wp-block-kadence-advancedheading.kt-adv-heading4_65b824-91, .wp-block-kadence-advancedheading.kt-adv-heading4_65b824-91[data-kb-block=\"kb-adv-heading4_65b824-91\"]{text-shadow:1px 1px 1px #000000;border-bottom:2px solid var(--global-palette1, #3182CE);}}@media all and (max-width: 767px){.wp-block-kadence-advancedheading.kt-adv-heading4_65b824-91, .wp-block-kadence-advancedheading.kt-adv-heading4_65b824-91[data-kb-block=\"kb-adv-heading4_65b824-91\"]{text-shadow:1px 1px 1px #000000;border-bottom:2px solid var(--global-palette1, #3182CE);}}<\/style>\n<h3 class=\"kt-adv-heading4_65b824-91 wp-block-kadence-advancedheading has-theme-palette-9-color has-text-color\" data-kb-block=\"kb-adv-heading4_65b824-91\"><strong>VII QuimBioQuim<\/strong><\/h3>\n\n\n<style>.wp-block-kadence-advancedheading.kt-adv-heading4_86fd57-f6, .wp-block-kadence-advancedheading.kt-adv-heading4_86fd57-f6[data-kb-block=\"kb-adv-heading4_86fd57-f6\"]{margin-top:-5px;text-align:center;font-size:26px;line-height:1.2;font-weight:700;font-style:normal;text-shadow:2px 2px 2px var(--global-palette3, #1A202C);}.wp-block-kadence-advancedheading.kt-adv-heading4_86fd57-f6 mark.kt-highlight, .wp-block-kadence-advancedheading.kt-adv-heading4_86fd57-f6[data-kb-block=\"kb-adv-heading4_86fd57-f6\"] mark.kt-highlight{font-style:normal;color:#f76a0c;-webkit-box-decoration-break:clone;box-decoration-break:clone;padding-top:0px;padding-right:0px;padding-bottom:0px;padding-left:0px;}@media all and (max-width: 1024px){.wp-block-kadence-advancedheading.kt-adv-heading4_86fd57-f6, .wp-block-kadence-advancedheading.kt-adv-heading4_86fd57-f6[data-kb-block=\"kb-adv-heading4_86fd57-f6\"]{text-shadow:2px 2px 2px var(--global-palette3, #1A202C);}}@media all and (max-width: 767px){.wp-block-kadence-advancedheading.kt-adv-heading4_86fd57-f6, .wp-block-kadence-advancedheading.kt-adv-heading4_86fd57-f6[data-kb-block=\"kb-adv-heading4_86fd57-f6\"]{text-shadow:2px 2px 2px var(--global-palette3, #1A202C);}}<\/style>\n<p class=\"kt-adv-heading4_86fd57-f6 wp-block-kadence-advancedheading has-theme-palette-9-color has-text-color\" data-kb-block=\"kb-adv-heading4_86fd57-f6\"><strong>Congreso de J\u00f3venes Qu\u00edmicos y Bioqu\u00edmicos Terap\u00e9uticos<\/strong><\/p>\n\n\n<style>.wp-block-kadence-advancedheading.kt-adv-heading4_7f428d-bd, .wp-block-kadence-advancedheading.kt-adv-heading4_7f428d-bd[data-kb-block=\"kb-adv-heading4_7f428d-bd\"]{margin-top:-20px;margin-bottom:5px;text-align:center;font-size:19px;line-height:1;font-weight:700;font-style:normal;color:#f5f5f5;text-shadow:1px 1px 1px #000000;}.wp-block-kadence-advancedheading.kt-adv-heading4_7f428d-bd mark.kt-highlight, .wp-block-kadence-advancedheading.kt-adv-heading4_7f428d-bd[data-kb-block=\"kb-adv-heading4_7f428d-bd\"] mark.kt-highlight{font-style:normal;color:#f76a0c;-webkit-box-decoration-break:clone;box-decoration-break:clone;padding-top:0px;padding-right:0px;padding-bottom:0px;padding-left:0px;}@media all and (max-width: 1024px){.wp-block-kadence-advancedheading.kt-adv-heading4_7f428d-bd, .wp-block-kadence-advancedheading.kt-adv-heading4_7f428d-bd[data-kb-block=\"kb-adv-heading4_7f428d-bd\"]{text-shadow:1px 1px 1px #000000;}}@media all and (max-width: 767px){.wp-block-kadence-advancedheading.kt-adv-heading4_7f428d-bd, .wp-block-kadence-advancedheading.kt-adv-heading4_7f428d-bd[data-kb-block=\"kb-adv-heading4_7f428d-bd\"]{text-shadow:1px 1px 1px #000000;}}<\/style>\n<p class=\"kt-adv-heading4_7f428d-bd wp-block-kadence-advancedheading\" data-kb-block=\"kb-adv-heading4_7f428d-bd\">Granada, 5-7 de Noviembre de 2025<br><\/p>\n<\/div>\n<\/div>\n<\/div><\/div>\n\n<\/div><\/div>\n\n<style>.kb-row-layout-id4_b256e6-14 > .kt-row-column-wrap{align-content:start;}:where(.kb-row-layout-id4_b256e6-14 > .kt-row-column-wrap) > .wp-block-kadence-column{justify-content:start;}.kb-row-layout-id4_b256e6-14 > .kt-row-column-wrap{column-gap:var(--global-kb-gap-md, 2rem);row-gap:var(--global-kb-gap-md, 2rem);max-width:1200px;margin-left:auto;margin-right:auto;padding-top:0px;padding-bottom:25px;min-height:125px;grid-template-columns:minmax(0, 1fr);}.kb-row-layout-id4_b256e6-14 > .kt-row-layout-overlay{opacity:0.30;}@media all and (max-width: 1024px){.kb-row-layout-id4_b256e6-14 > .kt-row-column-wrap{grid-template-columns:minmax(0, 1fr);}}@media all and (max-width: 767px){.kb-row-layout-id4_b256e6-14 > .kt-row-column-wrap{grid-template-columns:minmax(0, 1fr);}}<\/style><div class=\"kb-row-layout-wrap kb-row-layout-id4_b256e6-14 alignfull has-white-background-color kt-row-has-bg wp-block-kadence-rowlayout\"><div class=\"kt-row-column-wrap kt-has-1-columns kt-row-layout-equal kt-tab-layout-inherit kt-mobile-layout-row kt-row-valign-top kt-inner-column-height-full\">\n<style>.kadence-column4_97fc9e-14 > .kt-inside-inner-col,.kadence-column4_97fc9e-14 > .kt-inside-inner-col:before{border-top-left-radius:0px;border-top-right-radius:0px;border-bottom-right-radius:0px;border-bottom-left-radius:0px;}.kadence-column4_97fc9e-14 > .kt-inside-inner-col{column-gap:var(--global-kb-gap-sm, 1rem);}.kadence-column4_97fc9e-14 > .kt-inside-inner-col{flex-direction:column;}.kadence-column4_97fc9e-14 > .kt-inside-inner-col > .aligncenter{width:100%;}.kadence-column4_97fc9e-14 > .kt-inside-inner-col:before{opacity:0.3;}.kadence-column4_97fc9e-14{position:relative;}@media all and (max-width: 1024px){.kadence-column4_97fc9e-14 > .kt-inside-inner-col{flex-direction:column;justify-content:center;}}@media all and (max-width: 767px){.kadence-column4_97fc9e-14 > .kt-inside-inner-col{flex-direction:column;justify-content:center;}}<\/style>\n<div class=\"wp-block-kadence-column kadence-column4_97fc9e-14 inner-column-1\"><div class=\"kt-inside-inner-col\"><style>.wp-block-kadence-advancedbtn.kb-btns1780_90c284-80{gap:var(--global-kb-gap-xs, 0.5rem );justify-content:center;align-items:center;}.kt-btns1780_90c284-80 .kt-button{font-weight:normal;font-style:normal;}.kt-btns1780_90c284-80 .kt-btn-wrap-0{margin-right:5px;}.wp-block-kadence-advancedbtn.kt-btns1780_90c284-80 .kt-btn-wrap-0 .kt-button{color:#555555;border-color:#555555;}.wp-block-kadence-advancedbtn.kt-btns1780_90c284-80 .kt-btn-wrap-0 .kt-button:hover, .wp-block-kadence-advancedbtn.kt-btns1780_90c284-80 .kt-btn-wrap-0 .kt-button:focus{color:#ffffff;border-color:#444444;}.wp-block-kadence-advancedbtn.kt-btns1780_90c284-80 .kt-btn-wrap-0 .kt-button::before{display:none;}.wp-block-kadence-advancedbtn.kt-btns1780_90c284-80 .kt-btn-wrap-0 .kt-button:hover, .wp-block-kadence-advancedbtn.kt-btns1780_90c284-80 .kt-btn-wrap-0 .kt-button:focus{background:#444444;}<\/style>\n<div class=\"wp-block-kadence-advancedbtn kb-buttons-wrap kb-btns1780_90c284-80\"><style>ul.menu .wp-block-kadence-advancedbtn .kb-btn1780_85dd38-6c.kb-button{width:initial;}.wp-block-kadence-advancedbtn .kb-btn1780_85dd38-6c.kb-button{border-top-left-radius:48px;border-top-right-radius:48px;border-bottom-right-radius:48px;border-bottom-left-radius:48px;box-shadow:6px 4px 0px 0px rgba(0, 0, 0, 0.2);}.kb-btn1780_85dd38-6c.kb-button .kb-svg-icon-wrap{font-size:24px;}.wp-block-kadence-advancedbtn .kb-btn1780_85dd38-6c.kb-button:hover, .wp-block-kadence-advancedbtn .kb-btn1780_85dd38-6c.kb-button:focus{background:var(--global-palette2, #2B6CB0);box-shadow:7px 7px 0px 0px rgba(0, 0, 0, 0.4);}<\/style><a class=\"kb-button kt-button button kb-btn1780_85dd38-6c kt-btn-size-standard kt-btn-width-type-auto kb-btn-global-fill kt-btn-has-text-true kt-btn-has-svg-true animated shakeX wp-block-kadence-singlebtn\" href=\"https:\/\/eventos.ugr.es\/quimbioquim2025\/wp-content\/uploads\/sites\/31\/2025\/10\/Libro-Abstract-QBQ-2025.pdf\" target=\"_blank\" rel=\"noreferrer noopener\"><span class=\"kb-svg-icon-wrap kb-svg-icon-fas_book-open kt-btn-icon-side-left\"><svg viewBox=\"0 0 576 512\"  fill=\"currentColor\" xmlns=\"http:\/\/www.w3.org\/2000\/svg\"  aria-hidden=\"true\"><path d=\"M542.22 32.05c-54.8 3.11-163.72 14.43-230.96 55.59-4.64 2.84-7.27 7.89-7.27 13.17v363.87c0 11.55 12.63 18.85 23.28 13.49 69.18-34.82 169.23-44.32 218.7-46.92 16.89-.89 30.02-14.43 30.02-30.66V62.75c.01-17.71-15.35-31.74-33.77-30.7zM264.73 87.64C197.5 46.48 88.58 35.17 33.78 32.05 15.36 31.01 0 45.04 0 62.75V400.6c0 16.24 13.13 29.78 30.02 30.66 49.49 2.6 149.59 12.11 218.77 46.95 10.62 5.35 23.21-1.94 23.21-13.46V100.63c0-5.29-2.62-10.14-7.27-12.99z\"\/><\/svg><\/span><span class=\"kt-btn-inner-text\"> <strong>LIBRO DE ABSTRACTS<\/strong><\/span><\/a><\/div>\n\n\n<style>.wp-block-kadence-advancedbtn.kb-btns4_63d3ac-72{gap:var(--global-kb-gap-xs, 0.5rem );justify-content:center;align-items:center;}.kt-btns4_63d3ac-72 .kt-button{font-weight:normal;font-style:normal;}.kt-btns4_63d3ac-72 .kt-btn-wrap-0{margin-right:5px;}.wp-block-kadence-advancedbtn.kt-btns4_63d3ac-72 .kt-btn-wrap-0 .kt-button{color:#555555;border-color:#555555;}.wp-block-kadence-advancedbtn.kt-btns4_63d3ac-72 .kt-btn-wrap-0 .kt-button:hover, .wp-block-kadence-advancedbtn.kt-btns4_63d3ac-72 .kt-btn-wrap-0 .kt-button:focus{color:#ffffff;border-color:#444444;}.wp-block-kadence-advancedbtn.kt-btns4_63d3ac-72 .kt-btn-wrap-0 .kt-button::before{display:none;}.wp-block-kadence-advancedbtn.kt-btns4_63d3ac-72 .kt-btn-wrap-0 .kt-button:hover, .wp-block-kadence-advancedbtn.kt-btns4_63d3ac-72 .kt-btn-wrap-0 .kt-button:focus{background:#444444;}<\/style>\n<div class=\"wp-block-kadence-advancedbtn kb-buttons-wrap kb-btns4_63d3ac-72\"><style>ul.menu .wp-block-kadence-advancedbtn .kb-btn4_119ae4-bf.kb-button{width:initial;}<\/style><a class=\"kb-button kt-button button kb-btn4_119ae4-bf kt-btn-size-standard kt-btn-width-type-auto kb-btn-global-fill kt-btn-has-text-true kt-btn-has-svg-false wp-block-kadence-singlebtn\" href=\"https:\/\/eventos.ugr.es\/quimbioquim2025\/programa\/\"><span class=\"kt-btn-inner-text\"><strong>PROGRAMA<\/strong><\/span><\/a><\/div>\n\n\n\n<h2 class=\"wp-block-heading has-theme-palette-1-color has-text-color has-link-color wp-elements-98e3a8bbec2f3ef4c2be767f8e3869c9\"><a><\/a>Presentaci\u00f3n<\/h2>\n\n\n\n<p>Los retos sanitarios m\u00e1s importantes de los \u00faltimos a\u00f1os, destacados por la Uni\u00f3n Europea en su Programa Marco Horizonte Europa, o en la Estrategia Espa\u00f1ola de Ciencia, Tecnolog\u00eda e Innovaci\u00f3n, requieren de un marcado enfoque multi- e interdisciplinar. La confluencia de diferentes saberes cient\u00edfico-tecnol\u00f3gicos ayudar\u00e1 a afrontar los retos referentes a enfermedades no transmisibles, como son el c\u00e1ncer o enfermedades neurodegenerativas. Pero tambi\u00e9n en los urgentes casos de enfermedades transmisibles, end\u00e9micas, o que pueden dar lugar a pandemias, como el reciente caso de la pandemia por el virus SARS-CoV-2. Es evidente que en la ciencia biom\u00e9dica del futuro bioqu\u00edmic@s, qu\u00edmic@s, farmac\u00e9utic@s, biotecn\u00f3log@s, ir\u00e1n de la mano de ingenier@s, bioinform\u00e1tic@s, matem\u00e1tic@s, etc.<\/p>\n\n\n\n<p>As\u00ed, el objetivo general de este congreso es incentivar el intercambio y difusi\u00f3n de conocimientos entre estudiantes de doctorado, investigadores postdoctorales e investigadores s\u00e9nior en Ciencias qu\u00edmicas, bioqu\u00edmicas, farmac\u00e9uticas y cualquier rama relacionada con marcado car\u00e1cter multidisciplinar y aplicado en biomedicina. Consistir\u00e1 en un punto de encuentro de j\u00f3venes investigador@s de diferentes universidades, centros de investigaci\u00f3n y empresas nacionales que pueda marcar un punto de inflexi\u00f3n en su carrera cient\u00edfica, abriendo las puertas al establecimiento de nuevos contactos y redes de colaboraci\u00f3n multidisciplinar, que forjen el futuro pr\u00f3ximo de la Qu\u00edmica Biom\u00e9dica.<\/p>\n\n\n\n<div class=\"wp-block-uagb-container uagb-block-421a32e4 alignwide uagb-is-root-container\">\n<div class=\"wp-block-uagb-container uagb-block-30b36771\"><\/div>\n\n\n\n<div class=\"wp-block-uagb-container uagb-block-b529a48b\">\n<h4 class=\"wp-block-heading has-theme-palette-1-color has-text-color has-link-color wp-elements-da98918de314a45a74d39fa80793ed4f\" style=\"margin-top:0px;margin-bottom:0px\">Fechas importantes<\/h4>\n\n\n\n<ul style=\"margin-top:0px;margin-bottom:0px\" class=\"wp-block-list\">\n<li><strong>Env\u00edo de comunicaciones<\/strong>: hasta el 10 de septiembre 2025<\/li>\n\n\n\n<li><strong>Inscripciones<\/strong>: hasta el 5 de octubre 2025<\/li>\n\n\n\n<li><strong>Precio reducido de inscripci\u00f3n<\/strong>: hasta 15 de agosto 2025<\/li>\n<\/ul>\n<\/div>\n<\/div>\n<\/div><\/div>\n\n<\/div><\/div>","protected":false},"excerpt":{"rendered":"<p>VII QuimBioQuim Congreso de J\u00f3venes Qu\u00edmicos y Bioqu\u00edmicos Terap\u00e9uticos Granada, 5-7 de Noviembre de 2025 Presentaci\u00f3n Los retos sanitarios m\u00e1s importantes de los \u00faltimos a\u00f1os, destacados por la Uni\u00f3n Europea en su Programa Marco Horizonte Europa, o en la Estrategia Espa\u00f1ola de Ciencia, Tecnolog\u00eda e Innovaci\u00f3n, requieren de un marcado enfoque multi- e interdisciplinar. La&#8230;<\/p>\n","protected":false},"author":18,"featured_media":0,"parent":0,"menu_order":0,"comment_status":"closed","ping_status":"closed","template":"","meta":{"_uag_custom_page_level_css":"","_kad_post_transparent":"","_kad_post_title":"","_kad_post_layout":"","_kad_post_sidebar_id":"","_kad_post_content_style":"","_kad_post_vertical_padding":"","_kad_post_feature":"","_kad_post_feature_position":"","_kad_post_header":false,"_kad_post_footer":false,"footnotes":""},"folder":[],"class_list":["post-4","page","type-page","status-publish","hentry"],"uagb_featured_image_src":{"full":false,"thumbnail":false,"medium":false,"medium_large":false,"large":false,"1536x1536":false,"2048x2048":false},"uagb_author_info":{"display_name":"antoniorodriguez","author_link":"https:\/\/eventos.ugr.es\/quimbioquim2025\/author\/antoniorodriguez\/"},"uagb_comment_info":0,"uagb_excerpt":"VII QuimBioQuim Congreso de J\u00f3venes Qu\u00edmicos y Bioqu\u00edmicos Terap\u00e9uticos Granada, 5-7 de Noviembre de 2025 Presentaci\u00f3n Los retos sanitarios m\u00e1s importantes de los \u00faltimos a\u00f1os, destacados por la Uni\u00f3n Europea en su Programa Marco Horizonte Europa, o en la Estrategia Espa\u00f1ola de Ciencia, Tecnolog\u00eda e Innovaci\u00f3n, requieren de un marcado enfoque multi- e interdisciplinar. La...","_links":{"self":[{"href":"https:\/\/eventos.ugr.es\/quimbioquim2025\/wp-json\/wp\/v2\/pages\/4","targetHints":{"allow":["GET"]}}],"collection":[{"href":"https:\/\/eventos.ugr.es\/quimbioquim2025\/wp-json\/wp\/v2\/pages"}],"about":[{"href":"https:\/\/eventos.ugr.es\/quimbioquim2025\/wp-json\/wp\/v2\/types\/page"}],"author":[{"embeddable":true,"href":"https:\/\/eventos.ugr.es\/quimbioquim2025\/wp-json\/wp\/v2\/users\/18"}],"replies":[{"embeddable":true,"href":"https:\/\/eventos.ugr.es\/quimbioquim2025\/wp-json\/wp\/v2\/comments?post=4"}],"version-history":[{"count":109,"href":"https:\/\/eventos.ugr.es\/quimbioquim2025\/wp-json\/wp\/v2\/pages\/4\/revisions"}],"predecessor-version":[{"id":1784,"href":"https:\/\/eventos.ugr.es\/quimbioquim2025\/wp-json\/wp\/v2\/pages\/4\/revisions\/1784"}],"wp:attachment":[{"href":"https:\/\/eventos.ugr.es\/quimbioquim2025\/wp-json\/wp\/v2\/media?parent=4"}],"wp:term":[{"taxonomy":"folder","embeddable":true,"href":"https:\/\/eventos.ugr.es\/quimbioquim2025\/wp-json\/wp\/v2\/folder?post=4"}],"curies":[{"name":"wp","href":"https:\/\/api.w.org\/{rel}","templated":true}]}}